ate the highest common factor of s and 11.
11
Let x = 86 + -54. What is the highest common factor of x and 32?
32
Let u be -6*(-4)/96*100. Calculate the highest common divisor of 35 and u.
5
Suppose 0*m + 3*g = 4*m - 171, 2*g + 205 = 5*m. Calculate the highest common factor of m and 3.
3
Suppose -4*q + 56 = -0*q. Suppose -5 = -5*u + 5. Suppose 4*a = -j, 4*j + q = u*a - 4*a. Calculate the greatest common factor of 7 and a.
1
Let y = 3 - 2. Let g be (y/(-1))/((-5)/110). Let o = 24 - -218. Calculate the greatest common divisor of g and o.
22
Let m be -3*2/(-4)*4. Suppose -m*n + 30 = -3*n. Let v be 0 - (-2 + (-16)/2). Calculate the greatest common factor of v and n.
10
Let q be -3*(1 + 1)/(-2). Let l be (-1)/(-2)*(3 + 1). Suppose 13 = l*v - 17. Calculate the greatest common divisor of v and q.
3
Suppose -2*f - 3 = f. Let d be 22 + 1 + 3*f. What is the greatest common divisor of d and 30?
10
Let l = -8 - -12. Suppose -2*z + 0*k = -l*k - 140, -2*z + k = -137. Suppose -3*r - z = -203. Calculate the greatest common factor of r and 5.
5
Let i be (3/1)/(3/2). Suppose -4*r = -6*r + 30. Suppose i*d - 21 = r. What is the highest common factor of 18 and d?
18
Let o(p) = p**3 + 23*p**2 + 9. Let v be o(-23). Calculate the greatest common factor of 6 and v.
3
Let v = 13 + -6. Calculate the greatest common factor of v and 7.
7
Suppose 0 = 2*w + 4 - 10. Suppose w*r + g = -2*r + 15, 3*g + 35 = 5*r. Calculate the highest common divisor of 32 and r.
4
Let h be 2 + -4 + (0 - -4). Let o = h - 0. What is the greatest common factor of 16 and o?
2
Suppose 0 = -26*f + 23*f + 15. Let u be 1/(1/(-4)) + f. Calculate the highest common factor of u and 3.
1
Let a(t) = -t**3 + 8*t**2 - 5*t + 8. Let r be a(7). Suppose 2*j - 277 = -2*m - 3*m, j - 166 = -3*m. What is the greatest common factor of m and r?
11
Let f be 20/(-3)*36/(-10). Calculate the greatest common factor of f and 12.
12
Suppose 0*z - 4*z = 3*s - 79, -4*z - 2*s + 74 = 0. Suppose 4 = -5*p - 6. Let y be p/(-6) + (-142)/(-6). Calculate the highest common factor of y and z.
8
Let s be ((-10)/8)/(1/(-76)). Let l = -65 + s. What is the greatest common divisor of l and 10?
10
Suppose 4*o - 14 = n - 3*n, 5*n = -o + 26. What is the greatest common factor of 3 and o?
1
Let l = -68 + -99. Let c = l - -239. Let j(i) = -i + 16. Let f be j(8). Calculate the greatest common factor of c and f.
8
Suppose 0*d = -5*d + 15. Suppose -d*f = -3*m, f + 2*m - 1 = 5. Let o be (f - 1)/((-2)/(-6)). Calculate the greatest common factor of o and 3.
3
Suppose -2*l = -0*l - 448. What is the highest common factor of l and 28?
28
Let p = -8 + 35. What is the greatest common factor of 9 and p?
9
Let y = -10 + 8. Let b be 1/(-2) + (-7)/y. What is the greatest common factor of b and 27?
3
Let l = -24 + 24. Suppose 2*o - 6*o + 72 = l. Calculate the highest common factor of 36 and o.
18
Let s = 15 - 16. Let g = s + 144. Calculate the greatest common divisor of g and 13.
13
Let u(c) = 5*c - 4. Let t be u(6). What is the greatest common divisor of t and 13?
13
Suppose -3*n + 9 = -3*q, 4*n - 13 = 3*q + 2*q. Let c be 11 + (q/1)/1. Calculate the greatest common factor of 10 and c.
10
Let h = 9 + 0. Suppose h = 4*o - 3. Suppose 2*c = 5*l - o*l + 22, -2 = -2*l. Calculate the greatest common divisor of c and 84.
12
Let s be (1 - 21)*3/6*-3. Calculate the greatest common factor of 15 and s.
15
Let q(t) = 6*t**2 - t + 1. Suppose 9*p - 1 = 8*p. Let w be q(p). Let o = 15 - 0. Calculate the greatest common divisor of o and w.
3
Let b(i) = -i**3 - 7*i**2 - i - 2. Let q be b(-7). Let w = 17 + -12. Calculate the greatest common divisor of q and w.
5
Suppose -6*n = -2*n. Suppose q + 2*a + 5 = -0*a, -5*q - 5*a = n. Let s = 9 - q. What is the greatest common factor of s and 36?
4
Let a(r) be the second derivative of r**3/6 + 5*r**2/2 + 8*r. Let u be a(-4). Let d be 2*(1 - 2/4). Calculate the highest common divisor of d and u.
1
Let z(r) = 3*r**2 - 2*r. Let h be z(4). Calculate the greatest common factor of h and 5.
5
Let n be (-2)/(-8) - (-1146)/24. Calculate the highest common factor of 32 and n.
16
Let p(h) = 2*h**2 - h - 2. Let s be p(2). Let r = 16 + -16. Suppose r*x - 2*x + 12 = 0. What is the highest common divisor of s and x?
2
Let s(p) = p**3 - 6*p**2 - 5*p. Let z be s(7). What is the greatest common divisor of 28 and z?
14
Let x(y) = -y**3 + 5*y**2 - 3*y + 1. Let i be x(4). Suppose -5*w = l - 13, -l - l = i*w - 11. What is the highest common divisor of 21 and w?
3
Let h be (145/(-15))/(2/(-6)). What is the greatest common factor of h and 464?
29
Let i(v) = 3*v**3 + v**3 - 3*v**3 + v + 16 - v**2. Let u be i(0). Let d be ((-175)/14)/((-2)/u). Calculate the highest common factor of 20 and d.
20
Suppose -3*z - 395 = 157. Let d = -94 - z. Calculate the greatest common factor of 10 and d.
10
Suppose 0 = -2*b - t + 51, 5*t - 101 = -4*b + 10. Let h(n) = -n**2 + 7*n - 4. Let y be h(5). What is the greatest common divisor of y and b?
6
Let u = 3 + 3. Suppose 163 = m + 148. What is the greatest common divisor of u and m?
3
Let z = -40 + 12. Let w be 584/14 + (-8)/z. Let j be (2 + 1 + -1)*14. Calculate the greatest common factor of w and j.
14
Let z = -12 - -17. Suppose 0*w = -z*w + 3*l + 14, l = -3. Suppose -5*m = -0*m - 5. Calculate the highest common divisor of w and m.
1
Let w be (4/10)/((-1)/(-5)). Suppose 0 = -l + 3*u - 4*u + 3, 4*l = -w*u + 14. Calculate the highest common factor of l and 44.
4
Let j = 11 - 6. Let s(n) = 2*n + 4. Let r be s(-5). Let v be -3*1 + 2 - r. Calculate the highest common divisor of v and j.
5
Suppose 2*c - 40 = -3*c. What is the highest common divisor of 20 and c?
4
Suppose 34 = -4*x + 202. What is the greatest common factor of 294 and x?
42
Let q(r) = 3*r**2 + 2*r. Let o be q(-7). Let h = 189 - o. Suppose -z + 8 = -0*z. What is the highest common factor of z and h?
8
Suppose -4*r - x - 41 = 0, -14 = r - 2*x + 3*x. Let j = r - -6. Let n = j + 7. What is the highest common factor of n and 4?
4
Let s = 0 - -4. Let l be (27/(-4))/((-3)/(-12)). Let d be (-6)/l - 34/(-9). Calculate the greatest common factor of s and d.
4
Let v = -3 + 3. Suppose 3*l - 81 - 9 = v. Calculate the highest common factor of l and 6.
6
Suppose -c = -d - 93, c - 393 = -3*c - 3*d. Calculate the greatest common factor of c and 12.
12
Suppose -10 = -o - 0*o + 2*m, 3*o + 6 = -3*m. Suppose o*v + 10 = 40. Calculate the greatest common divisor of v and 6.
3
Suppose -2*b = -82 - 28. Let w(l) = l**3 + 5*l**2 - 6*l - 6. Let x be w(-6). Let a = -1 - x. Calculate the greatest common factor of b and a.
5
Let v = 9 - 9. Suppose 15 = -5*p, -5*h + v*h = 4*p + 7. Suppose -14 = -n - 6. Calculate the highest common divisor of n and h.
1
Let g be ((-40)/2)/((-1)/4). Suppose -l = 3*l - 40. Calculate the greatest common factor of g and l.
10
Let s = 277 + -193. Suppose -5*x + s = 19. Let m(z) = 13*z**2. Let h be m(3). What is the highest common factor of h and x?
13
Let a be 4 - -88 - -3 - 2. What is the greatest common divisor of 31 and a?
31
Suppose 0 = 5*m + f - 23, 3*m + f - 7 = -3*f. Let a be m - (0 - -2) - 0. Let t be ((-8)/(-6))/(1/a). Calculate the greatest common divisor of t and 44.
4
Let c = 46 - 16. Suppose c = 4*r + r. What is the greatest common divisor of r and 6?
6
Let s = 15 - 5. Calculate the highest common factor of 10 and s.
10
Let a = 110 - -11. Calculate the greatest common divisor of 11 and a.
11
Suppose -2*s + 72 = -6*s. Let z = s - -33. Calculate the highest common factor of z and 90.
15
Suppose 4*m - m - 5*s - 17 = 0, 0 = -3*m - 5*s + 7. Suppose 5*l + 4 = l, 28 = m*t + 4*l. What is the greatest common divisor of t and 12?
4
Suppose 0 = 2*a - 0*a. Let n be a + (37 + 3)/2. What is the greatest common factor of n and 5?
5
Suppose y + 140 = 2*x, 4*x - 2*x = -y + 140. Let w(d) = 4 + 3*d**2 - 3*d**2 - d + d**2. Let q be w(3). Calculate the greatest common divisor of q and x.
10
Let z = 20 - 19. Let y(q) = 22*q. Let r be y(z). What is the highest common divisor of 11 and r?
11
Let q be 280/(-21)*3/(-2). What is the greatest common factor of q and 80?
20
Suppose 0*g = -2*g - 5*b - 156, 342 = -4*g + 5*b. Suppose 4*z - 2*z + 100 = 0. Let t = z - g. Calculate the highest common factor of t and 3.
3
Let r be (-20)/(-6)*96/(-40). Let d = r + 15. Calculate the greatest common